869.
866
What is the remainder when 219262 is divided by 3861?
3046
Calculate the remainder when 65682640 is divided by 7.
2
What is the remainder when 5937159 is divided by 123?
72
What is the remainder when 146462 is divided by 284?
202
What is the remainder when 7011086 is divided by 5166?
824
Calculate the remainder when 2557136 is divided by 11.
10
What is the remainder when 256493 is divided by 71?
41
Calculate the remainder when 1301002 is divided by 63.
52
Calculate the remainder when 6997407 is divided by 68.
3
What is the remainder when 197588 is divided by 49396?
4
What is the remainder when 85803355 is divided by 369842?
11
Calculate the remainder when 165263 is divided by 442.
397
Calculate the remainder when 8220299 is divided by 273.
269
What is the remainder when 31551907 is divided by 15775949?
9
What is the remainder when 22530122 is divided by 64006?
10
Calculate the remainder when 1250732 is divided by 151.
150
What is the remainder when 3505524 is divided by 1710?
24
What is the remainder when 1625304 is divided by 576?
408
Calculate the remainder when 4111404 is divided by 1214.
800
Calculate the remainder when 1620172 is divided by 810058.
56
What is the remainder when 316700110 is divided by 3984?
3982
What is the remainder when 776720 is divided by 535?
435
What is the remainder when 59215 is divided by 1794?
13
Calculate the remainder when 6044 is divided by 547.
27
What is the remainder when 94827 is divided by 2643?
2322
What is the remainder when 138085337 is divided by 24?
17
Calculate the remainder when 2743653 is divided by 56.
45
What is the remainder when 326901 is divided by 629?
450
Calculate the remainder when 8562106 is divided by 54.
28
What is the remainder when 3816303 is divided by 591?
216
What is the remainder when 14482835 is divided by 14482830?
5
What is the remainder when 739005 is divided by 2688?
2493
Calculate the remainder when 55384352 is divided by 13.
10
What is the remainder when 45495 is divided by 219?
162
Calculate the remainder when 6176109 is divided by 1034.
27
What is the remainder when 183970 is divided by 3338?
380
What is the remainder when 475739 is divided by 380?
359
Calculate the remainder when 133462698 is divided by 1295.
1293
Calculate the remainder when 159354 is divided by 159330.
24
Calculate the remainder when 18035572 is divided by 6364.
6360
What is the remainder when 194362064 is divided by 613?
606
Calculate the remainder when 599444 is divided by 1441.
1429
Calculate the remainder when 1137482 is divided by 142185.
2
What is the remainder when 127168 is divided by 15871?
200
What is the remainder when 250298 is divided by 49900?
798
Calculate the remainder when 790061 is divided by 402.
131
Calculate the remainder when 1441756 is divided by 9548.
8
Calculate the remainder when 10326 is divided by 2632.
2430
Calculate the remainder when 3878303 is divided by 2276.
2275
Calculate the remainder when 94171762 is divided by 1368.
10
Calculate the remainder when 698719 is divided by 1023.
10
Calculate the remainder when 6379294 is divided by 10.
4
What is the remainder when 11007766 is divided by 1222?
1212
What is the remainder when 182025 is divided by 91010?
5
What is the remainder when 101811 is divided by 47?
9
What is the remainder when 670654 is divided by 499?
497
What is the remainder when 772482 is divided by 772359?
123
What is the remainder when 31828114 is divided by 489663?
19
Calculate the remainder when 107922 is divided by 63.
3
What is the remainder when 104549 is divided by 1086?
293
What is the remainder when 22434191 is divided by 32?
15
What is the remainder when 365789 is divided by 121911?
56
What is the remainder when 951171 is divided by 847?
837
Calculate the remainder when 1220564 is divided by 25.
14
What is the remainder when 9178064 is divided by 541?
540
What is the remainder when 378482 is divided by 117?
104
Calculate the remainder when 2077782 is divided by 21.
0
Calculate the remainder when 276752 is divided by 3898.
3892
Calculate the remainder when 1132777 is divided by 32365.
2
Calculate the remainder when 8876189 is divided by 38.
35
What is the remainder when 187386 is divided by 1070?
136
What is the remainder when 840054 is divided by 3750?
54
What is the remainder when 33630630 is divided by 2802551?
18
What is the remainder when 14043 is divided by 4660?
63
What is the remainder when 34972105 is divided by 395?
385
What is the remainder when 9729278 is divided by 309?
104
What is the remainder when 302902 is divided by 2805?
2767
What is the remainder when 6104 is divided by 518?
406
Calculate the remainder when 152819842 is divided by 190.
182
What is the remainder when 6180926 is divided by 686766?
32
Calculate the remainder when 296169 is divided by 1378.
1277
What is the remainder when 3965191 is divided by 3436?
47
Calculate the remainder when 412637 is divided by 136529.
3050
Calculate the remainder when 2714554 is divided by 660.
634
Calculate the remainder when 8799065 is divided by 1467.
1466
Calculate the remainder when 56674730 is divided by 324.
2
What is the remainder when 1326520 is divided by 28223?
39
What is the remainder when 28043 is divided by 27947?
96
Calculate the remainder when 438608 is divided by 7974.
38
What is the remainder when 177564 is divided by 176655?
909
Calculate the remainder when 357704170 is divided by 1068.
1066
Calculate the remainder when 9143181 is divided by 478.
475
What is the remainder when 5028404 is divided by 1479?
1283
Calculate the remainder when 2235741 is divided by 2250.
1491
What is the remainder when 745884 is divided by 149155?
109
Calculate the remainder when 2716905 is divided by 2377.
2371
What is the remainder when 146851 is divided by 1508?
575
What is the remainder when 3553135 is divided by 7022?
3
What is the remainder when 3327834 is divided by 51196?
94
What is the remainder when 182371 is divided by 822?
709
Calculate the remainder when 4147341 is divided by 826.
821
What is the remainder when 185659240 is divided by 23?
20
Calculate the remainder when 2178310 is divided by 2207.
1
What is the remainder when 301157 is divided by 17666?
835
What is the remainder when 30952765 is divided by 13?
12
What is the remainder when 21455618 is divided by 255424?
2
What is the remainder when 77114 is divided by 755?
104
Calculate the remainder when 5959929 is divided by 31.
24
Calculate the remainder when 7523344 is divided by 21434.
10
What is the remainder when 27375 is divided by 910?
75
Calculate the remainder when 42595583 is divided by 128.
127
What is the remainder when 21794201 is divided by 61?
60
Calculate the remainder when 968816 is divided by 51.
20
What is the remainder when 1797999 is divided by 948?
591
What is the remainder when 147493142 is divided by 1197?
1196
What is the remainder when 3371039 is divided by 1123497?
548
Calculate the remainder when 218676 is divided by 16254.
7374
What is the remainder when 49165 is divided by 640?
525
What is the remainder when 14010696 is divided by 170?
146
Calculate the remainder when 239250127 is divided by 208.
207
What is the remainder when 45617 is divided by 3742?
713
Calculate the remainder when 5354927 is divided by 253.
182
Calculate the remainder when 2444405 is divided by 2829.
149
What is the remainder when 6785145 is divided by 2221?
2211
Calculate the remainder when 1597225 is divided by 6238.
297
What is the remainder when 602456 is divided by 150260?
1416
What is the remainder when 47492980 is divided by 255?
250
Calculate the remainder when 21481 is divided by 14.
5
Calculate the remainder when 1152979 is divided by 12.
7
Calculate the remainder when 400069 is divided by 98413.
6417
What is the remainder when 36848403 is divided by 3416?
11
What is the remainder when 637991 is divided by 1773?
1484
Calculate the remainder when 8081957 is divided by 901.
888
What is the remainder when 142331 is divided by 47437?
20
What is the remainder when 52381 is divided by 885?
166
What is the remainder when 274306030 is divided by 6747?
6745
What is the remainder when 36892005 is divided by 61?
59
Calculate the remainder when 100745 is divided by 336.
281
What is the remainder when 2456646 is divided